 g + 1. Let f be -2*(2*27/(-63) + (-19)/(-14)). Determine o(f).
52
Let a(m) = -2*m**3 - 16*m**2 + 10. Let k be (-2)/13 + 12954/(-1651). Determine a(k).
10
Let j be 6*-5*(-54)/(-45). Let l be -4*(-6)/j*3. Let v(p) = -p**3 - 3*p**2 + p. Give v(l).
-6
Let t = 177 - 197. Let a be (2/(-5))/(t/50)*-1. Let d(g) = g - 1. Calculate d(a).
-2
Let p(h) = -h**2 + 5*h - 5. Suppose d - 199 = -j, -3*d + j + 597 = -j. Suppose -167 = 8*v - d. Determine p(v).
-1
Let y(z) = z**2 + z + 1 - 6 + 1. Suppose -u + 5*n = 46, -5*u + 3*n = -0*u + 164. Let m be (-2)/16 + -2*u/(-16). What is y(m)?
8
Let b(k) be the third derivative of -k**7/2520 + 13*k**6/240 - 59*k**5/12 + 293*k**2. Let l(n) be the third derivative of b(n). What is l(20)?
-1
Let c(f) = 7*f - 18. Let z(m) = 5*m - 17. Let g(w) = 2*c(w) - 3*z(w). Let p be g(10). Let n(s) = s**3 - 6*s**2 + 2*s + 6. Give n(p).
-9
Let x(f) = -3*f**2 + 23*f - 10. Let y be x(7). Let z(b) = -b**3 + 6*b**2 - 11*b + 18. Let h be z(y). Let k(i) = h*i + 2*i - i - 6*i + 1. Give k(3).
4
Let b(z) = -5*z + 170. Let m be b(34). Suppose 12 = 2*v - 3*u - 15, m = -v - 5*u + 7. Let w(n) = n**3 - 12*n**2 - n + 7. What is w(v)?
-5
Let t(o) = 46*o + 10. Suppose 0 = -4*b + 12*u - 16*u - 4, 1 = 3*b + u. Give t(b).
56
Let y(f) be the third derivative of -1/5*f**5 + 1/6*f**3 + 0*f - 35*f**2 + 0 + 1/24*f**4. Suppose 0*x + 1 = -x + 4*m, 5*m = 0. Determine y(x).
-12
Let g(j) = j**3 - 5*j**2 - 6*j + 3. Suppose 0 = q + 2*q - 210. Suppose -310 = -5*s + 9*x - 6*x, -s + 55 = -2*x. Suppose 0 = q*d - s*d - 30. Give g(d).
3
Suppose -2*c = 37 + 31. Let r = c - -25. Let y(s) = s**2 + 10*s + 11. Give y(r).
2
Let f(d) = -4*d**2 + 97*d - 117. Let z be f(23). Let u(p) = -9*p - 14. Calculate u(z).
4
Suppose s - 10 = -w - 3*w, -2*s - 3*w = -15. Let u(g) = -4*g**3 + 2*g + 249 - 749 + 247 + 3*g**3 + 245 + 6*g**2. Calculate u(s).
4
Let a(h) = -h**3 - 41*h**2 + 38*h - 168. Let x be a(-42). Let b be ((-1)/2 + x)/((-7)/(-70)). Let v(z) = 0 + 3 + 4*z**2 + 4 - 4*z + z**3. What is v(b)?
2
Let p(j) = 4*j**2 + 3 - 10 + 1. Let v be p(-2). Let o(s) = -3*s - 8. Let n(z) = 4*z + 7. Let d(b) = 4*n(b) + 5*o(b). Calculate d(v).
-2
Let x(v) be the second derivative of 7/12*v**4 + 1/20*v**5 + 7/2*v**2 - 5 - 10*v + 1/6*v**3. Calculate x(-7).
0
Let n(y) = -y**2 - 2*y - 14. Let w(g) = -3*g**3 - 23*g**2 + 7*g - 56. Let t(b) = -5*n(b) + w(b). What is t(-7)?
42
Let s = 234 - 138. Let t(v) = 2*v**2 + 8*v**2 + 95 - v - 4*v**2 - s. Let f(a) = -a**2 - 2*a - 1. Let d be f(-2). Give t(d).
6
Let q(v) = -v**2. Let f(y) = 6 - y**2 + 3 - 14 + 6. Let o be f(2). Give q(o).
-9
Suppose 5*v = y + 26, -619*v + 623*v + 3*y = 17. Let d(j) = j**2 - 13*j + 40. Calculate d(v).
0
Let p(x) be the second derivative of x**3/6 + x**2 - 2*x. Let n(r) = 921*r + 29467. Let y be n(-32). Determine p(y).
-3
Suppose 4*s - 7*s = -9. Let k be (-3)/s*(-62 + 2). Let z(o) = -4 + 116*o**2 - 55*o**2 - k*o**2 - 2*o. Give z(4).
4
Let q = -830 + 837. Let h = 12 - 8. Let x(m) = -12*m**2 + 3*m - m**3 - 2 + 3*m + 2*m**3 + h*m**2. Calculate x(q).
-9
Let j(u) = -u**3 + 18*u**2 - 3*u + 61. Let b = 338 - 320. Give j(b).
7
Let b(u) = -u + 1 - 22 + 10 + u**2 + 1 + 3. Determine b(2).
-5
Let g(p) = p - 2. Let d = 102 + -69. Let a be -1*4 + -17 + d. What is g(a)?
10
Let s(z) = -18*z - 48. Suppose 3*n - 24*n = -8*n + 91. Determine s(n).
78
Let f(y) = -y**3 - 6*y**2 - 2*y + 5. Let h(t) = 2*t**3 + 27*t**2 - 16*t - 26. Let n be h(-14). Suppose 2*r + 8 = -n*r + 3*d, 3*r + 5*d = -35. Calculate f(r).
-10
Let d(a) = -3*a + 5. Suppose 2*q + 89 - 4 = g, 0 = -g - 5*q + 71. Let y = -54 + g. Let w be (y/6)/(12/16). Calculate d(w).
-13
Let v(k) be the first derivative of 40 + 7/2*k**2 - k. What is v(-1)?
-8
Let p(w) = -4*w**2 - 8*w. Let a = -23649 + 23644. What is p(a)?
-60
Let n(u) be the second derivative of u**5/20 - 5*u**4/12 - 2*u**3/3 - 3*u**2/2 + 6*u - 1586. Let b be -1 + 0 + 1 - -6. What is n(b)?
9
Let s(y) = -y**3 + 8*y**2 - 4*y - 1. Suppose -4*c + 5*a - 1440 = c, -2*a = 2*c + 592. Let b = c - -299. Determine s(b).
20
Let u(y) be the third derivative of -y**6/120 + y**5/12 - y**4/4 + 5*y**3/3 - 19*y**2. Let n be u(4). Let i(x) = -24*x**n + 1 + 23*x**2 + 2. What is i(0)?
3
Suppose -14 = -3*z - u, -2*z - 7*u + 11 = -8*u. Let i(t) = -t**3 + 9*t**2 - 20*t + 6. What is i(z)?
6
Let p be (-1)/3 + 4/(-6). Let s be ((-10)/(-6))/(((-476)/(-51))/28). Let n be p*(-2 - -3)*s. Let q(g) = -g**3 - 4*g**2 + 4*g - 4. What is q(n)?
1
Suppose -3*d - q + 4*q + 12 = 0, -4*d = -3*q - 18. Suppose 0 = 22*r - 21*r - d. Let u(v) = v + 4 - v**2 - 2*v + 5*v. Give u(r).
-8
Let x be -3 + (-638)/(-132) + 5/(-6). Let q(n) = -2*n**3 + n**2. Let j be q(-1). Let l(s) = 3*s**3 + 0*s**3 - 2*s**3 + 5*s**j + s - 2*s**2. Give l(x).
5
Let g(b) = 12*b**2 + 15*b + 18. Let w be g(-8). Let y = 675 - w. Let f(o) = 2*o - 2. Calculate f(y).
16
Let y(k) = -3*k - 3. Let a(j) = j**3 + j**2 + 7*j - 10. Let d(t) = a(t) + 2*y(t). Determine d(0).
-16
Let i(y) be the third derivative of -y**6/120 - 7*y**5/30 + 5*y**4/6 + 13*y**3 + 34*y**2. Calculate i(-15).
3
Let u(v) = 2*v**2 + 2*v - 9. Suppose -5*o - 7 + 17 = -5*p, 2*p = -2. Let q(f) = 1. Let y = 2 - -4. Let m(x) = o*u(x) + y*q(x). Determine m(2).
9
Let p(d) = -397*d - 12 + 792*d - 397*d. Determine p(20).
-52
Let i(x) be the first derivative of -x**3/3 - 11*x**2/2 - 4*x - 1355. Give i(-11).
-4
Let q = -290 - -293. Suppose 0 = -5*i + 20, q*j - 3*i - 5 = 1. Let s(b) = 2*b - 7. Determine s(j).
5
Let r(f) = -2*f**3 + f**2 + 12*f + 6. Suppose -13*w + 63 = 11. Let m be r(w). Let s = -53 - m. Let b(x) = -x**3 + 7*x**2 - 4*x - 5. What is b(s)?
25
Let o = 16 + 0. Suppose 5*q + o = 9*q. Let l(r) = 14*r + 0 - 7*r + 2*r - 7*r - 4. Determine l(q).
4
Let k(h) = -1027*h + 39. Let m(d) = -228*d + 10. Let c(o) = 2*k(o) - 9*m(o). Calculate c(-4).
-4
Suppose 0*l - 2*l = -6*l. Suppose 2*s = -x + 1, l = 5*s + 2*x + 3 - 7. Let o(i) = -5*i**2 + s*i + 2*i + 3*i - 8*i - i**3. Determine o(-5).
5
Let c(p) = 3*p**2 - 95*p - 26. Let o be c(32). Let v(u) be the first derivative of -u**4/4 + 2*u**3 - u**2 - 7*u + 1. Determine v(o).
-19
Let v(g) be the first derivative of 5*g**2 + 3*g + 26. Let y(s) = -3*s - 1. Let k(l) = 2*v(l) + 7*y(l). Let h be k(3). Let u(z) = z + 3. Give u(h).
-1
Let w(a) = -148*a**2 - 21*a - 190. Let t(u) = -37*u**2 - 5*u - 42. Let n(m) = -9*t(m) + 2*w(m). Determine n(1).
38
Suppose -146139*d + 146172*d - 297 = 0. Let f(m) = -m**2 - m + 92. Determine f(d).
2
Let y be (16/12)/(4/6). Let z(x) = -2*x**y + 3 + 28*x - 17*x - 13*x. What is z(3)?
-21
Let f(b) be the second derivative of -1/6*b**3 + 52*b + 1/20*b**5 + 0 + 1/12*b**4 + 0*b**2. Suppose 0 = 3*i - i + 6. Determine f(i).
-15
Suppose c = i - 2, -70*i + 74*i - 62 = -5*c. Let l(p) = 8*p + 17. Give l(i).
81
Let t(h) be the first derivative of -h**3/3 - 3*h**2 - 2*h - 17603. Let u = 2 + -6. Calculate t(u).
6
Let j(y) = 3*y + 257. Let t(f) = -24*f - 2159. Let s(g) = -34*j(g) - 4*t(g). Calculate s(-18).
6
Let w = -4983 - -4981. Let r(z) = -2*z**3 - z + 3. What is r(w)?
21
Let l(r) be the second derivative of r**5/20 - 5*r**4/12 - 4*r**3/3 + 3*r**2/2 - 4583*r. Let d be (-8)/3*(-27)/12. Calculate l(d).
-9
Let p = 12900 + -12894. Let m(q) = -q**3 + 7*q**2 - 7*q + 12. What is m(p)?
6
Let c(u) = -u**3 - 2*u**2 - 2*u - 3. Let n = -25 + 19. Let x = n - -3. Determine c(x).
12
Let f(z) be the third derivative of z**5/30 - z**4/24 - 13*z**3/6 - 2*z**2 + 195*z. What is f(5)?
32
Let s = -469/2 - -1411/6. Let z(m) be the third derivative of 0*m + 0 - s*m**3 + 1/24*m**4 - 10*m**2. What is z(-5)?
-9
Suppose 55*w = 56*w + 9. Let j(k) = -4*k**2 - 32*k + 39. Let v(a) = -a**2 - 8*a + 10. Let f(m) = w*v(m) + 2*j(m). Determine f(-9).
-3
Let f(i) = i**3 - 36*i**2 + 39*i - 122. Let o be f(35). Let c(s) = -s + 28. Give c(o).
10
Let c(z) = 10*z + 55. Let n(s) = 18*s + 106. Let b(o) = 7*c(o) - 4*n(o). What is b(-19)?
-1
Let j(m) be the first derivative of 4*m**2 + 11*m - 5613. Determine j(0).
11
Let w(n) be the third derivative of 11*n**4/24 + 139*n**3/6 + 1267*n**2. Calculate w(-12).
7
Let n(d) be the second derivative of d**4/4 + 10*d**3/3 - 9*d**2/2 + 2079*d. Determine n(-6).
-21
Let k(n) be the first derivative of 7*n**2/2 + 8*n - 2617. Give k(7).
57
Let a(p) be the third derivative of p**7/5040 + p**6/40 - 29*p**5/15 - 2*p**2 + 22. Let 